{"id":792,"date":"2020-09-12T12:50:58","date_gmt":"2020-09-12T09:50:58","guid":{"rendered":"https:\/\/cofetariascalaoradea.ro\/?post_type=product&#038;p=792"},"modified":"2025-09-26T11:40:28","modified_gmt":"2025-09-26T08:40:28","slug":"tarta-cu-fructe","status":"publish","type":"product","link":"https:\/\/cofetariascalaoradea.ro\/hu\/produs\/tarta-cu-fructe\/","title":{"rendered":"Tarta cu fructe"},"content":{"rendered":"<p><strong>Ingrediente<\/strong>: faina de grau, zahar, oua, crema de vanilie, frisca vegetala, fructe proaspete de sezon, jeleu<br \/>\n<strong>Greutate:<\/strong> 100g<\/p>\n<p>A SE PASTRA LA 8-10 GRADE<\/p>\n<p>A SE CONSUMA IN 24 ORE<\/p>\n<p>VALORI NUTRITIONALE LA 100 GR<\/p>\n<p>APORT CALORIC ENERGETIC TOTALKJ:1863<\/p>\n<p>APORT ENERGETIC TOTAL KCAL:448<\/p>\n<p>CARBOHIDRATI:74.9G<\/p>\n<p>ZAHARURI:51.74g<\/p>\n<p>GRASIMI:14.27g<\/p>\n<p>acizi grasi total:3.45G<\/p>\n<p>PROTEINE:3.45<\/p>\n<p>SARE:0.154G<\/p>\n<p>&nbsp;<\/p>\n<p>&nbsp;<\/p>\n","protected":false},"excerpt":{"rendered":"<p>Cosulet dulce din aluat fraged, crema de vanilie, decorata cu fructe de sezon si gel.<br \/>\n<strong>ALERGENI<\/strong>:\u00a0<em>oua, gluten, lactoza<\/em><\/p>\n<p>&nbsp;<\/p>\n","protected":false},"featured_media":793,"comment_status":"open","ping_status":"closed","template":"","meta":{"_acf_changed":false,"_et_pb_use_builder":"","_et_pb_old_content":"","_et_gb_content_width":"","jetpack_publicize_message":"","jetpack_publicize_feature_enabled":true,"jetpack_social_post_already_shared":false,"jetpack_social_options":{"image_generator_settings":{"template":"highway","default_image_id":0,"font":"","enabled":false},"version":2}},"product_brand":[],"product_cat":[17],"product_tag":[],"class_list":{"0":"post-792","1":"product","2":"type-product","3":"status-publish","4":"has-post-thumbnail","6":"product_cat-prajituri","8":"first","9":"instock","10":"taxable","11":"shipping-taxable","12":"purchasable","13":"product-type-simple"},"acf":[],"yoast_head":"<!-- This site is optimized with the Yoast SEO plugin v27.5 - https:\/\/yoast.com\/product\/yoast-seo-wordpress\/ -->\n<title>Tarta cu fructe - Cofetaria Scala Oradea<\/title>\n<meta name=\"robots\" content=\"index, follow, max-snippet:-1, max-image-preview:large, max-video-preview:-1\" \/>\n<link rel=\"canonical\" href=\"https:\/\/cofetariascalaoradea.ro\/hu\/produs\/tarta-cu-fructe\/\" \/>\n<meta property=\"og:locale\" content=\"hu_HU\" \/>\n<meta property=\"og:type\" content=\"article\" \/>\n<meta property=\"og:title\" content=\"Tarta cu fructe - Cofetaria Scala Oradea\" \/>\n<meta property=\"og:description\" content=\"Cosulet dulce din aluat fraged, crema de vanilie, decorata cu fructe de sezon si gel. ALERGENI:\u00a0oua, gluten, lactoza  &nbsp;\" \/>\n<meta property=\"og:url\" content=\"https:\/\/cofetariascalaoradea.ro\/hu\/produs\/tarta-cu-fructe\/\" \/>\n<meta property=\"og:site_name\" content=\"Cofetaria Scala Oradea\" \/>\n<meta property=\"article:publisher\" content=\"https:\/\/www.facebook.com\/cofetariascalaoradea\" \/>\n<meta property=\"article:modified_time\" content=\"2025-09-26T08:40:28+00:00\" \/>\n<meta property=\"og:image\" content=\"https:\/\/cofetariascalaoradea.ro\/wp-content\/uploads\/2020\/09\/08-Prajituri-Cofetaria-Scala-Oradea-Tarta-cu-fructe-1.jpg\" \/>\n\t<meta property=\"og:image:width\" content=\"1500\" \/>\n\t<meta property=\"og:image:height\" content=\"1500\" \/>\n\t<meta property=\"og:image:type\" content=\"image\/jpeg\" \/>\n<meta name=\"twitter:card\" content=\"summary_large_image\" \/>\n<meta name=\"twitter:label1\" content=\"Becs\u00fclt olvas\u00e1si id\u0151\" \/>\n\t<meta name=\"twitter:data1\" content=\"1 perc\" \/>\n<script type=\"application\/ld+json\" class=\"yoast-schema-graph\">{\"@context\":\"https:\\\/\\\/schema.org\",\"@graph\":[{\"@type\":\"WebPage\",\"@id\":\"https:\\\/\\\/cofetariascalaoradea.ro\\\/hu\\\/produs\\\/tarta-cu-fructe\\\/\",\"url\":\"https:\\\/\\\/cofetariascalaoradea.ro\\\/hu\\\/produs\\\/tarta-cu-fructe\\\/\",\"name\":\"Tarta cu fructe - Cofetaria Scala Oradea\",\"isPartOf\":{\"@id\":\"https:\\\/\\\/cofetariascalaoradea.ro\\\/hu\\\/#website\"},\"primaryImageOfPage\":{\"@id\":\"https:\\\/\\\/cofetariascalaoradea.ro\\\/hu\\\/produs\\\/tarta-cu-fructe\\\/#primaryimage\"},\"image\":{\"@id\":\"https:\\\/\\\/cofetariascalaoradea.ro\\\/hu\\\/produs\\\/tarta-cu-fructe\\\/#primaryimage\"},\"thumbnailUrl\":\"https:\\\/\\\/i0.wp.com\\\/cofetariascalaoradea.ro\\\/wp-content\\\/uploads\\\/2020\\\/09\\\/08-Prajituri-Cofetaria-Scala-Oradea-Tarta-cu-fructe-1.jpg?fit=1500%2C1500&ssl=1\",\"datePublished\":\"2020-09-12T09:50:58+00:00\",\"dateModified\":\"2025-09-26T08:40:28+00:00\",\"breadcrumb\":{\"@id\":\"https:\\\/\\\/cofetariascalaoradea.ro\\\/hu\\\/produs\\\/tarta-cu-fructe\\\/#breadcrumb\"},\"inLanguage\":\"hu\",\"potentialAction\":[{\"@type\":\"ReadAction\",\"target\":[\"https:\\\/\\\/cofetariascalaoradea.ro\\\/hu\\\/produs\\\/tarta-cu-fructe\\\/\"]}]},{\"@type\":\"ImageObject\",\"inLanguage\":\"hu\",\"@id\":\"https:\\\/\\\/cofetariascalaoradea.ro\\\/hu\\\/produs\\\/tarta-cu-fructe\\\/#primaryimage\",\"url\":\"https:\\\/\\\/i0.wp.com\\\/cofetariascalaoradea.ro\\\/wp-content\\\/uploads\\\/2020\\\/09\\\/08-Prajituri-Cofetaria-Scala-Oradea-Tarta-cu-fructe-1.jpg?fit=1500%2C1500&ssl=1\",\"contentUrl\":\"https:\\\/\\\/i0.wp.com\\\/cofetariascalaoradea.ro\\\/wp-content\\\/uploads\\\/2020\\\/09\\\/08-Prajituri-Cofetaria-Scala-Oradea-Tarta-cu-fructe-1.jpg?fit=1500%2C1500&ssl=1\",\"width\":1500,\"height\":1500},{\"@type\":\"BreadcrumbList\",\"@id\":\"https:\\\/\\\/cofetariascalaoradea.ro\\\/hu\\\/produs\\\/tarta-cu-fructe\\\/#breadcrumb\",\"itemListElement\":[{\"@type\":\"ListItem\",\"position\":1,\"name\":\"Prima pagin\u0103\",\"item\":\"https:\\\/\\\/cofetariascalaoradea.ro\\\/hu\\\/\"},{\"@type\":\"ListItem\",\"position\":2,\"name\":\"Bolt\",\"item\":\"https:\\\/\\\/cofetariascalaoradea.ro\\\/hu\\\/bolt\\\/\"},{\"@type\":\"ListItem\",\"position\":3,\"name\":\"Tarta cu fructe\"}]},{\"@type\":\"WebSite\",\"@id\":\"https:\\\/\\\/cofetariascalaoradea.ro\\\/hu\\\/#website\",\"url\":\"https:\\\/\\\/cofetariascalaoradea.ro\\\/hu\\\/\",\"name\":\"Cofetaria Scala Oradea\",\"description\":\"Gustul amintirilor dulci\",\"publisher\":{\"@id\":\"https:\\\/\\\/cofetariascalaoradea.ro\\\/hu\\\/#organization\"},\"potentialAction\":[{\"@type\":\"SearchAction\",\"target\":{\"@type\":\"EntryPoint\",\"urlTemplate\":\"https:\\\/\\\/cofetariascalaoradea.ro\\\/hu\\\/?s={search_term_string}\"},\"query-input\":{\"@type\":\"PropertyValueSpecification\",\"valueRequired\":true,\"valueName\":\"search_term_string\"}}],\"inLanguage\":\"hu\"},{\"@type\":\"Organization\",\"@id\":\"https:\\\/\\\/cofetariascalaoradea.ro\\\/hu\\\/#organization\",\"name\":\"Cofetaria Scala Oradea\",\"url\":\"https:\\\/\\\/cofetariascalaoradea.ro\\\/hu\\\/\",\"logo\":{\"@type\":\"ImageObject\",\"inLanguage\":\"hu\",\"@id\":\"https:\\\/\\\/cofetariascalaoradea.ro\\\/hu\\\/#\\\/schema\\\/logo\\\/image\\\/\",\"url\":\"https:\\\/\\\/cofetariascalaoradea.ro\\\/wp-content\\\/uploads\\\/2020\\\/05\\\/logo-cofetaria-scala-oradea.png\",\"contentUrl\":\"https:\\\/\\\/cofetariascalaoradea.ro\\\/wp-content\\\/uploads\\\/2020\\\/05\\\/logo-cofetaria-scala-oradea.png\",\"width\":300,\"height\":90,\"caption\":\"Cofetaria Scala Oradea\"},\"image\":{\"@id\":\"https:\\\/\\\/cofetariascalaoradea.ro\\\/hu\\\/#\\\/schema\\\/logo\\\/image\\\/\"},\"sameAs\":[\"https:\\\/\\\/www.facebook.com\\\/cofetariascalaoradea\",\"https:\\\/\\\/www.instagram.com\\\/cofetariascalaoradea\"]}]}<\/script>\n<!-- \/ Yoast SEO plugin. -->","yoast_head_json":{"title":"Tarta cu fructe - Cofetaria Scala Oradea","robots":{"index":"index","follow":"follow","max-snippet":"max-snippet:-1","max-image-preview":"max-image-preview:large","max-video-preview":"max-video-preview:-1"},"canonical":"https:\/\/cofetariascalaoradea.ro\/hu\/produs\/tarta-cu-fructe\/","og_locale":"hu_HU","og_type":"article","og_title":"Tarta cu fructe - Cofetaria Scala Oradea","og_description":"Cosulet dulce din aluat fraged, crema de vanilie, decorata cu fructe de sezon si gel. ALERGENI:\u00a0oua, gluten, lactoza  &nbsp;","og_url":"https:\/\/cofetariascalaoradea.ro\/hu\/produs\/tarta-cu-fructe\/","og_site_name":"Cofetaria Scala Oradea","article_publisher":"https:\/\/www.facebook.com\/cofetariascalaoradea","article_modified_time":"2025-09-26T08:40:28+00:00","og_image":[{"width":1500,"height":1500,"url":"https:\/\/cofetariascalaoradea.ro\/wp-content\/uploads\/2020\/09\/08-Prajituri-Cofetaria-Scala-Oradea-Tarta-cu-fructe-1.jpg","type":"image\/jpeg"}],"twitter_card":"summary_large_image","twitter_misc":{"Becs\u00fclt olvas\u00e1si id\u0151":"1 perc"},"schema":{"@context":"https:\/\/schema.org","@graph":[{"@type":"WebPage","@id":"https:\/\/cofetariascalaoradea.ro\/hu\/produs\/tarta-cu-fructe\/","url":"https:\/\/cofetariascalaoradea.ro\/hu\/produs\/tarta-cu-fructe\/","name":"Tarta cu fructe - Cofetaria Scala Oradea","isPartOf":{"@id":"https:\/\/cofetariascalaoradea.ro\/hu\/#website"},"primaryImageOfPage":{"@id":"https:\/\/cofetariascalaoradea.ro\/hu\/produs\/tarta-cu-fructe\/#primaryimage"},"image":{"@id":"https:\/\/cofetariascalaoradea.ro\/hu\/produs\/tarta-cu-fructe\/#primaryimage"},"thumbnailUrl":"https:\/\/i0.wp.com\/cofetariascalaoradea.ro\/wp-content\/uploads\/2020\/09\/08-Prajituri-Cofetaria-Scala-Oradea-Tarta-cu-fructe-1.jpg?fit=1500%2C1500&ssl=1","datePublished":"2020-09-12T09:50:58+00:00","dateModified":"2025-09-26T08:40:28+00:00","breadcrumb":{"@id":"https:\/\/cofetariascalaoradea.ro\/hu\/produs\/tarta-cu-fructe\/#breadcrumb"},"inLanguage":"hu","potentialAction":[{"@type":"ReadAction","target":["https:\/\/cofetariascalaoradea.ro\/hu\/produs\/tarta-cu-fructe\/"]}]},{"@type":"ImageObject","inLanguage":"hu","@id":"https:\/\/cofetariascalaoradea.ro\/hu\/produs\/tarta-cu-fructe\/#primaryimage","url":"https:\/\/i0.wp.com\/cofetariascalaoradea.ro\/wp-content\/uploads\/2020\/09\/08-Prajituri-Cofetaria-Scala-Oradea-Tarta-cu-fructe-1.jpg?fit=1500%2C1500&ssl=1","contentUrl":"https:\/\/i0.wp.com\/cofetariascalaoradea.ro\/wp-content\/uploads\/2020\/09\/08-Prajituri-Cofetaria-Scala-Oradea-Tarta-cu-fructe-1.jpg?fit=1500%2C1500&ssl=1","width":1500,"height":1500},{"@type":"BreadcrumbList","@id":"https:\/\/cofetariascalaoradea.ro\/hu\/produs\/tarta-cu-fructe\/#breadcrumb","itemListElement":[{"@type":"ListItem","position":1,"name":"Prima pagin\u0103","item":"https:\/\/cofetariascalaoradea.ro\/hu\/"},{"@type":"ListItem","position":2,"name":"Bolt","item":"https:\/\/cofetariascalaoradea.ro\/hu\/bolt\/"},{"@type":"ListItem","position":3,"name":"Tarta cu fructe"}]},{"@type":"WebSite","@id":"https:\/\/cofetariascalaoradea.ro\/hu\/#website","url":"https:\/\/cofetariascalaoradea.ro\/hu\/","name":"Cofetaria Scala Oradea","description":"Gustul amintirilor dulci","publisher":{"@id":"https:\/\/cofetariascalaoradea.ro\/hu\/#organization"},"potentialAction":[{"@type":"SearchAction","target":{"@type":"EntryPoint","urlTemplate":"https:\/\/cofetariascalaoradea.ro\/hu\/?s={search_term_string}"},"query-input":{"@type":"PropertyValueSpecification","valueRequired":true,"valueName":"search_term_string"}}],"inLanguage":"hu"},{"@type":"Organization","@id":"https:\/\/cofetariascalaoradea.ro\/hu\/#organization","name":"Cofetaria Scala Oradea","url":"https:\/\/cofetariascalaoradea.ro\/hu\/","logo":{"@type":"ImageObject","inLanguage":"hu","@id":"https:\/\/cofetariascalaoradea.ro\/hu\/#\/schema\/logo\/image\/","url":"https:\/\/cofetariascalaoradea.ro\/wp-content\/uploads\/2020\/05\/logo-cofetaria-scala-oradea.png","contentUrl":"https:\/\/cofetariascalaoradea.ro\/wp-content\/uploads\/2020\/05\/logo-cofetaria-scala-oradea.png","width":300,"height":90,"caption":"Cofetaria Scala Oradea"},"image":{"@id":"https:\/\/cofetariascalaoradea.ro\/hu\/#\/schema\/logo\/image\/"},"sameAs":["https:\/\/www.facebook.com\/cofetariascalaoradea","https:\/\/www.instagram.com\/cofetariascalaoradea"]}]}},"jetpack_publicize_connections":[],"jetpack_likes_enabled":true,"jetpack_sharing_enabled":true,"_links":{"self":[{"href":"https:\/\/cofetariascalaoradea.ro\/hu\/wp-json\/wp\/v2\/product\/792","targetHints":{"allow":["GET"]}}],"collection":[{"href":"https:\/\/cofetariascalaoradea.ro\/hu\/wp-json\/wp\/v2\/product"}],"about":[{"href":"https:\/\/cofetariascalaoradea.ro\/hu\/wp-json\/wp\/v2\/types\/product"}],"replies":[{"embeddable":true,"href":"https:\/\/cofetariascalaoradea.ro\/hu\/wp-json\/wp\/v2\/comments?post=792"}],"wp:featuredmedia":[{"embeddable":true,"href":"https:\/\/cofetariascalaoradea.ro\/hu\/wp-json\/wp\/v2\/media\/793"}],"wp:attachment":[{"href":"https:\/\/cofetariascalaoradea.ro\/hu\/wp-json\/wp\/v2\/media?parent=792"}],"wp:term":[{"taxonomy":"product_brand","embeddable":true,"href":"https:\/\/cofetariascalaoradea.ro\/hu\/wp-json\/wp\/v2\/product_brand?post=792"},{"taxonomy":"product_cat","embeddable":true,"href":"https:\/\/cofetariascalaoradea.ro\/hu\/wp-json\/wp\/v2\/product_cat?post=792"},{"taxonomy":"product_tag","embeddable":true,"href":"https:\/\/cofetariascalaoradea.ro\/hu\/wp-json\/wp\/v2\/product_tag?post=792"}],"curies":[{"name":"wp","href":"https:\/\/api.w.org\/{rel}","templated":true}]}}

<!-- This site is optimized with the Yoast SEO plugin v27.5 - https://yoast.com/product/yoast-seo-wordpress/ -->
<title>Tarta cu fructe - Cofetaria Scala Oradea</title>
<meta name="robots" content="index, follow, max-snippet:-1, max-image-preview:large, max-video-preview:-1" />
<link rel="canonical" href="https://cofetariascalaoradea.ro/hu/produs/tarta-cu-fructe/" />
<meta property="og:locale" content="hu_HU" />
<meta property="og:type" content="article" />
<meta property="og:title" content="Tarta cu fructe - Cofetaria Scala Oradea" />
<meta property="og:description" content="Cosulet dulce din aluat fraged, crema de vanilie, decorata cu fructe de sezon si gel. ALERGENI: oua, gluten, lactoza  &nbsp;" />
<meta property="og:url" content="https://cofetariascalaoradea.ro/hu/produs/tarta-cu-fructe/" />
<meta property="og:site_name" content="Cofetaria Scala Oradea" />
<meta property="article:publisher" content="https://www.facebook.com/cofetariascalaoradea" />
<meta property="article:modified_time" content="2025-09-26T08:40:28+00:00" />
<meta property="og:image" content="https://cofetariascalaoradea.ro/wp-content/uploads/2020/09/08-Prajituri-Cofetaria-Scala-Oradea-Tarta-cu-fructe-1.jpg" />
	<meta property="og:image:width" content="1500" />
	<meta property="og:image:height" content="1500" />
	<meta property="og:image:type" content="image/jpeg" />
<meta name="twitter:card" content="summary_large_image" />
<meta name="twitter:label1" content="Becsült olvasási idő" />
	<meta name="twitter:data1" content="1 perc" />
<script type="application/ld+json" class="yoast-schema-graph">{"@context":"https:\/\/schema.org","@graph":[{"@type":"WebPage","@id":"https:\/\/cofetariascalaoradea.ro\/hu\/produs\/tarta-cu-fructe\/","url":"https:\/\/cofetariascalaoradea.ro\/hu\/produs\/tarta-cu-fructe\/","name":"Tarta cu fructe - Cofetaria Scala Oradea","isPartOf":{"@id":"https:\/\/cofetariascalaoradea.ro\/hu\/#website"},"primaryImageOfPage":{"@id":"https:\/\/cofetariascalaoradea.ro\/hu\/produs\/tarta-cu-fructe\/#primaryimage"},"image":{"@id":"https:\/\/cofetariascalaoradea.ro\/hu\/produs\/tarta-cu-fructe\/#primaryimage"},"thumbnailUrl":"https:\/\/i0.wp.com\/cofetariascalaoradea.ro\/wp-content\/uploads\/2020\/09\/08-Prajituri-Cofetaria-Scala-Oradea-Tarta-cu-fructe-1.jpg?fit=1500%2C1500&ssl=1","datePublished":"2020-09-12T09:50:58+00:00","dateModified":"2025-09-26T08:40:28+00:00","breadcrumb":{"@id":"https:\/\/cofetariascalaoradea.ro\/hu\/produs\/tarta-cu-fructe\/#breadcrumb"},"inLanguage":"hu","potentialAction":[{"@type":"ReadAction","target":["https:\/\/cofetariascalaoradea.ro\/hu\/produs\/tarta-cu-fructe\/"]}]},{"@type":"ImageObject","inLanguage":"hu","@id":"https:\/\/cofetariascalaoradea.ro\/hu\/produs\/tarta-cu-fructe\/#primaryimage","url":"https:\/\/i0.wp.com\/cofetariascalaoradea.ro\/wp-content\/uploads\/2020\/09\/08-Prajituri-Cofetaria-Scala-Oradea-Tarta-cu-fructe-1.jpg?fit=1500%2C1500&ssl=1","contentUrl":"https:\/\/i0.wp.com\/cofetariascalaoradea.ro\/wp-content\/uploads\/2020\/09\/08-Prajituri-Cofetaria-Scala-Oradea-Tarta-cu-fructe-1.jpg?fit=1500%2C1500&ssl=1","width":1500,"height":1500},{"@type":"BreadcrumbList","@id":"https:\/\/cofetariascalaoradea.ro\/hu\/produs\/tarta-cu-fructe\/#breadcrumb","itemListElement":[{"@type":"ListItem","position":1,"name":"Prima pagină","item":"https:\/\/cofetariascalaoradea.ro\/hu\/"},{"@type":"ListItem","position":2,"name":"Bolt","item":"https:\/\/cofetariascalaoradea.ro\/hu\/bolt\/"},{"@type":"ListItem","position":3,"name":"Tarta cu fructe"}]},{"@type":"WebSite","@id":"https:\/\/cofetariascalaoradea.ro\/hu\/#website","url":"https:\/\/cofetariascalaoradea.ro\/hu\/","name":"Cofetaria Scala Oradea","description":"Gustul amintirilor dulci","publisher":{"@id":"https:\/\/cofetariascalaoradea.ro\/hu\/#organization"},"potentialAction":[{"@type":"SearchAction","target":{"@type":"EntryPoint","urlTemplate":"https:\/\/cofetariascalaoradea.ro\/hu\/?s={search_term_string}"},"query-input":{"@type":"PropertyValueSpecification","valueRequired":true,"valueName":"search_term_string"}}],"inLanguage":"hu"},{"@type":"Organization","@id":"https:\/\/cofetariascalaoradea.ro\/hu\/#organization","name":"Cofetaria Scala Oradea","url":"https:\/\/cofetariascalaoradea.ro\/hu\/","logo":{"@type":"ImageObject","inLanguage":"hu","@id":"https:\/\/cofetariascalaoradea.ro\/hu\/#\/schema\/logo\/image\/","url":"https:\/\/cofetariascalaoradea.ro\/wp-content\/uploads\/2020\/05\/logo-cofetaria-scala-oradea.png","contentUrl":"https:\/\/cofetariascalaoradea.ro\/wp-content\/uploads\/2020\/05\/logo-cofetaria-scala-oradea.png","width":300,"height":90,"caption":"Cofetaria Scala Oradea"},"image":{"@id":"https:\/\/cofetariascalaoradea.ro\/hu\/#\/schema\/logo\/image\/"},"sameAs":["https:\/\/www.facebook.com\/cofetariascalaoradea","https:\/\/www.instagram.com\/cofetariascalaoradea"]}]}</script>
<!-- / Yoast SEO plugin. -->

Prima pagină
